76 is divided by a.
10
Let f(b) = 2*b**2 + 4*b**2 - b**3 - 1 + 14*b - 5*b. Let l = -132 + 156. What is the remainder when l is divided by f(7)?
11
Suppose 5*k - 1 = -46*p + 45*p, k = -p + 21. Let s(j) = j**2 - j + 9. What is the remainder when p is divided by s(0)?
8
Suppose -3*i + 2*l + 856 = 0, -5 = 5*l + 5. What is the remainder when i is divided by 13?
11
Let m(g) = g**2 + 8*g + 13. Let k be m(-7). Suppose 0 = u + 4*v - k, -3*u - v = -18. Let w(c) = 3*c - 10. What is the remainder when 23 is divided by w(u)?
7
Let p(d) = d + 4 + 3 - 6. Let l be p(2). Suppose -l*m = m - 12. Calculate the remainder when 3 is divided by m.
0
Suppose -5*n - 214 = -3*a, 149 = 5*a + n - 217. Let f = -70 + a. Let b = -22 - -31. Calculate the remainder when b is divided by f.
0
Suppose 66*l - 37 = 161. Let s = 45 + -11. Calculate the remainder when s is divided by l.
1
Let m(z) = z**2 + 20*z - 59. Let u be m(-23). Suppose -7 = -2*w + w. Calculate the remainder when 134/u + (-20)/50 is divided by w.
6
Let x = -111 - -343. Calculate the remainder when x is divided by 39.
37
Suppose 2*v - 5*v = -2*r - 54, 18 = v - 5*r. Suppose 3*g - 6 - v = 0. What is the remainder when g is divided by 3?
2
Let g = -476 + 506. Let o be 10*(2 - 0)/2. Let k = 6 + o. What is the remainder when g is divided by k?
14
Calculate the remainder when (-20)/120 + 397/6 is divided by 14.
10
Calculate the remainder when 51/15*3*45/1 is divided by 66.
63
Suppose l = -429 + 329. Let w be (-1)/((-2)/(-332)) - 0. Let p = l - w. Calculate the remainder when p is divided by 14.
10
Suppose -279*b + 520 = -269*b. Calculate the remainder when b is divided by 7.
3
Suppose k - 14 = 4*b, 4*k = 3*k + b + 5. Suppose -19 = -k*c + 3*i, c = 3*i + 2 - 0. What is the remainder when 33 is divided by c?
16
Let a = -136 - -138. What is the remainder when 18 + (2 - 1) + 0 is divided by 30/a*((-63)/27 - -3)?
9
Let n(j) = 398*j - 6. Calculate the remainder when n(1) is divided by 57.
50
Let u be 27 + 3*(-4)/(-12). Let w = 31 - u. Suppose -w*d - d = -232. What is the remainder when d is divided by 15?
13
Suppose -28 = -0*v - 4*v. Let j(g) = 4*g - g**2 + 2 - v*g - 7*g + 10. What is the remainder when 60 is divided by j(-9)?
18
Suppose 0 = -6*m + 715 + 47. What is the remainder when m is divided by 33?
28
Let c = 22 + -16. Suppose -c*z + 0*z = -42. What is the remainder when 41 is divided by z?
6
Calculate the remainder when (-39 - 47)*(3/(-3) + -1) is divided by 44.
40
Suppose 5*k - 37 - 28 = 0. Let h(q) = q**2 - 15*q - 2. Let r be h(13). What is the remainder when (-4 - 88/r)*-28 is divided by k?
11
What is the remainder when (-280)/(1*(-1 + -1)) is divided by 45?
5
Suppose 9 = 2*w - 7. Suppose -17 = -r - w. Calculate the remainder when 25 is divided by r.
7
Suppose -141 + 15 = 3*w - 3*n, 5*w = -4*n - 210. Let a be w/(-4) + 2/(-4). Suppose a = -2*f + 4*f. What is the remainder when 7 is divided by f?
2
Let o = 8 + -8. Suppose 4*y - 20 = o, -i - 5*y = 2 - 22. Let a = i - -23. Calculate the remainder when 69 is divided by a.
15
Let p(i) = 6187*i - 10. Let l be p(13). Let x be l/(-55) - (-2)/10. Calculate the remainder when x/85*10/(-4) is divided by 11.
10
Let o = 19 + -19. Suppose a + 2 + 1 = 5*k, o = 5*k + 5*a + 15. Suppose -h - 2*h + 27 = k. What is the remainder when 25 is divided by h?
7
Suppose q - 5*x + 24 = 0, -3*q - 24 = -0*q - 3*x. What is the remainder when (9/4)/((-3)/(-12)) is divided by (-5 - (-4 + q)) + 1?
1
Let s(u) = 447*u + 180. Calculate the remainder when s(1) is divided by 5.
2
Let z(y) = -3*y**3 - 14*y**2 - 6*y + 12. What is the remainder when z(-5) is divided by 10?
7
Let j(a) = a**3 - a + 16. Let h be j(0). Let w = h - 6. Let v = -72 + 100. Calculate the remainder when v is divided by w.
8
Let m(o) = 28*o**2 - 12*o + 55. What is the remainder when m(4) is divided by 53?
31
Let a(p) = 2*p**3 + 5*p - 4. Let h be (-6 + 5)*(-2 + -1). Suppose -h*l = -j + 47 + 2, 44 = j - 2*l. What is the remainder when a(3) is divided by j?
31
Suppose 28*b - 63*b + 1610 = 0. What is the remainder when b is divided by 23?
0
Suppose -4*r = 12, a - 4*a + 36 = 3*r. What is the remainder when (-7)/(-112)*8*(-176)/(-2) is divided by a?
14
What is the remainder when ((-152)/(-10))/(4 - 98/25) is divided by 48?
46
Suppose 0 = u + b - 98, 16*b + 190 = 2*u + 15*b. What is the remainder when u is divided by (-1)/4 + 270/24?
8
Suppose 4*s = -2*d + 1196, 4*d + 1220 = -15*s + 19*s. What is the remainder when s is divided by 128?
45
Suppose -6*d = -3*d - 9. Suppose 0 = -k - 2, -7*n + 4*k + 296 = -d*n. Let i = -40 + n. Calculate the remainder when i is divided by 17.
15
Suppose -38*r + 151 = -647. What is the remainder when 229 is divided by r?
19
Suppose 4929 = 26*l + 1939. What is the remainder when l is divided by 51?
13
Suppose -7 = 2*m + 3*a, 36 - 1 = 5*m - 3*a. Suppose 6 = u - m. Suppose 5*r - 20 = u. What is the remainder when r is divided by 2?
0
Suppose -24 = -11*v + 185. What is the remainder when 54 is divided by v?
16
Let u(k) = -k**2 - 8*k - 7. Let q be u(-7). Let l = 34 - -36. Suppose -2*r + l = -q*r. Calculate the remainder when r is divided by 18.
17
Suppose 44*p - 48*p + 28 = 0. What is the remainder when 37 is divided by p?
2
Let c = 1 - -3. Suppose 4*l = -j + 10, -l - 2 = 2*l - c*j. Suppose 2*x + 3*b - 66 = 0, -2*x - 3*x = -l*b - 203. What is the remainder when x is divided by 14?
11
Suppose -527 = 39*h - 1736. What is the remainder when h is divided by 53/5 - (-4)/10?
9
Calculate the remainder when 381 is divided by (-7)/(105/(-710)) - (-12)/18.
45
Let f = -16 + 13. Let w = 12 + f. What is the remainder when 96 is divided by w?
6
Let c = -16 - -17. Suppose a = c + 5. Calculate the remainder when 27 is divided by a.
3
Let h be (-21)/(-14)*(-56)/6. Let x = -2 - h. Suppose 3*w - 6*w + 69 = 0. Calculate the remainder when w is divided by x.
11
Suppose 13 = -5*f + 178. Let m = f - -47. What is the remainder when m is divided by 21?
17
Let a be 4*26*(-7 - -3)/(-32). Suppose -8*p + a*p - 90 = 0. What is the remainder when 58 is divided by p?
4
Let b = 68 + -66. Suppose c - 10 = x + b*x, -3*x = 0. Calculate the remainder when 18 is divided by c.
8
Suppose 4*r = 69 - 5. Let j = -13 + r. Calculate the remainder when 33 is divided by 29/j + (-20)/30.
6
Let g be (-1584)/28 + 3/(-7). Let r = g + 82. Calculate the remainder when r is divided by 14.
11
Let h be 58/2 + 10/(-5). Let m = h + -26. Calculate the remainder when 2 is divided by m.
0
Suppose 5*p = -5*r + 10, 0 = -3*p - 0*p + r + 10. Let k = 8 - p. What is the remainder when k is divided by 4 + -3*(-6)/(-9)?
1
Let h(i) = -2*i - 26. Let y(l) = l - 18. Let n be y(3). What is the remainder when 14 is divided by h(n)?
2
Suppose -760*x + 771*x - 506 = 0. Calculate the remainder when 1651 is divided by x.
41
Let q = 75 + -41. Suppose -x + s + 140 = 4*x, -x - s = -q. What is the remainder when x is divided by 18?
11
Suppose -2*j + 2 = -3*j, -3*j - 22556 = 5*i. Let b be 1/(-3) - i/30. Suppose -b - 25 = -5*p. Calculate the remainder when 138 is divided by p.
33
Let j = -62 - -66. Suppose 4*m - 290 = m - 2*v, -110 = -m - j*v. Calculate the remainder when m is divided by 24.
22
Let t(q) = -3*q**3 + 3*q**2 + 2*q - 4. Let h be t(4). Calculate the remainder when (-9)/(6 + -3) - h is divided by 35.
32
Let n(b) = 2*b + 1. Let d be n(1). Let g(z) = -z**3 + 4*z**2 + z - 1. Let a = 1451 + -1446. What is the remainder when g(d) is divided by a?
1
Let s(h) = h**3 + 6*h**2 - h - 9. Let j be s(-7). What is the remainder when 4 is divided by 4/6*j/(-17)?
0
Suppose 4*f - 5*j = 114, 4 = -j - j. Let t = 32 - f. Calculate the remainder when 18 is divided by t.
0
Suppose -i = 4*i. Let t = 2 + i. What is the remainder when (-2)/5*(18 - 23) is divided by t?
0
Suppose 213 = 5*l - 2*l. What is the remainder when l is divided by 165/(-385) - 262/(-7)?
34
Let o(w) = -2*w - 60. Let l be o(-14). What is the remainder when 146/8 + 8/l is divided by 12 + -2 + 3/1?
5
Let v(p) = p**3 - 4*p**2 + 4*p - 5. Let m be v(3). Let i be (-3)/((-14)/(-4) - 2). Calculate the remainder when 4 is divided by (-3)/(-1*m/i).
1
Suppose -46*r - 9 = -47*r. What is the remainder when (-1)/((-1)/5)*r is divided by 6?
3
Let j be (8/(-8))/((-1)/35). Let m = j + -16. Suppose -u - 3*u - 4*b = -304, -5*u + 2*b = -359. Calculate the rema